{"id":53,"date":"2024-02-21T16:04:39","date_gmt":"2024-02-21T16:04:39","guid":{"rendered":"https:\/\/demo-wordpress-2.blueoak.local\/Forestinfo2\/?page_id=53"},"modified":"2024-09-04T06:38:43","modified_gmt":"2024-09-04T06:38:43","slug":"home","status":"publish","type":"page","link":"https:\/\/forestinfo.it\/","title":{"rendered":"HOME"},"content":{"rendered":"\t\t<div data-elementor-type=\"wp-page\" data-elementor-id=\"53\" class=\"elementor elementor-53\">\n\t\t\t\t<div class=\"elementor-element elementor-element-914a2b0 e-con-full e-flex e-con e-parent\" data-id=\"914a2b0\" data-element_type=\"container\" data-settings=\"{&quot;background_background&quot;:&quot;classic&quot;}\">\n\t\t\t\t<div class=\"elementor-element elementor-element-571a733 elementor-widget elementor-widget-heading\" data-id=\"571a733\" data-element_type=\"widget\" data-widget_type=\"heading.default\">\n\t\t\t\t<div class=\"elementor-widget-container\">\n\t\t\t\t\t<h2 class=\"elementor-heading-title elementor-size-default\">ForestInfo - piattaforma infomativa sulle forestale italiane: progetto pilota<\/h2>\t\t\t\t<\/div>\n\t\t\t\t<\/div>\n\t\t\t\t<div class=\"elementor-element elementor-element-d295af8 elementor-widget elementor-widget-image\" data-id=\"d295af8\" data-element_type=\"widget\" data-widget_type=\"image.default\">\n\t\t\t\t<div class=\"elementor-widget-container\">\n\t\t\t\t\t\t\t\t\t\t\t\t\t\t\t<img fetchpriority=\"high\" decoding=\"async\" width=\"1080\" height=\"500\" src=\"https:\/\/forestinfo.it\/wp-content\/uploads\/2024\/02\/cropped-IMG_4323-2.jpg\" class=\"attachment-full size-full wp-image-58\" alt=\"\" srcset=\"https:\/\/forestinfo.it\/wp-content\/uploads\/2024\/02\/cropped-IMG_4323-2.jpg 1080w, https:\/\/forestinfo.it\/wp-content\/uploads\/2024\/02\/cropped-IMG_4323-2-300x139.jpg 300w, https:\/\/forestinfo.it\/wp-content\/uploads\/2024\/02\/cropped-IMG_4323-2-1024x474.jpg 1024w, https:\/\/forestinfo.it\/wp-content\/uploads\/2024\/02\/cropped-IMG_4323-2-768x356.jpg 768w\" sizes=\"(max-width: 1080px) 100vw, 1080px\" \/>\t\t\t\t\t\t\t\t\t\t\t\t\t\t\t<\/div>\n\t\t\t\t<\/div>\n\t\t\t\t<\/div>\n\t\t<div class=\"elementor-element elementor-element-7258340 e-flex e-con-boxed e-con e-parent\" data-id=\"7258340\" data-element_type=\"container\">\n\t\t\t\t\t<div class=\"e-con-inner\">\n\t\t<div class=\"elementor-element elementor-element-8d45564 e-con-full e-flex e-con e-child\" data-id=\"8d45564\" data-element_type=\"container\">\n\t\t\t\t<div class=\"elementor-element elementor-element-9ea2201 elementor-widget elementor-widget-heading\" data-id=\"9ea2201\" data-element_type=\"widget\" data-widget_type=\"heading.default\">\n\t\t\t\t<div class=\"elementor-widget-container\">\n\t\t\t\t\t<h2 class=\"elementor-heading-title elementor-size-default\">La piattaforma<\/h2>\t\t\t\t<\/div>\n\t\t\t\t<\/div>\n\t\t\t\t<div class=\"elementor-element elementor-element-ded4007 elementor-widget elementor-widget-text-editor\" data-id=\"ded4007\" data-element_type=\"widget\" data-widget_type=\"text-editor.default\">\n\t\t\t\t<div class=\"elementor-widget-container\">\n\t\t\t\t\t\t\t\t\t<p>L&#8217;obiettivo del servizio \u00e8 generare una piattaforma informativa sulle foreste, on-line e disponibile al pubblico, basata sui dati forniti dal servizio Copernicus, per supportare i proprietari di foreste private nell&#8217;implementazione di attivit\u00e0 di gestione forestale sostenibile. In Italia il 40% del territorio \u00e8 coperto da foreste, che per il 70% sono di propriet\u00e0 privata. Questi terreni rurali privati hanno dimensioni molto ridotte (in media circa 1 ettaro). Ci\u00f2 rende difficile ed estremamente costoso generare inventari aggiornati delle risorse forestali sulla base di indagini sul campo.&nbsp;<span style=\"text-align: var(--text-align);\">Grazie all\u2019integrazione di algorimti di intelligenza artificiale che utilizzano immagini acquisite dal Sentinel-2 di Copernicus, di prodotti derivanti dai&nbsp;<\/span><span style=\"text-align: var(--text-align);\">servizi di monitoraggio del territorio Copernicus gi\u00e0 esistenti e dati locali abbiamo creato dati utili alla pianificazione e al monitoraggio forestale che sono consultabili su&nbsp;<\/span><span style=\"text-align: var(--text-align);\">una piattaforma open-access.&nbsp;<\/span><span style=\"text-align: var(--text-align);\">Questo servizio pilota on-line fornisce, infatti, informazioni spaziali aggiornate relative ai disturbi forestali e&nbsp;<\/span><span style=\"text-align: var(--text-align);\">all\u2019accumulo di carbonio. Il sistema \u00e8 innovativo e rappresenta anche una soluzione&nbsp; commerciale,&nbsp;<\/span><span style=\"text-align: var(--text-align);\">perch\u00e9 \u00e8 utile per i proprietari di boschi interessati ad identificare le attivit\u00e0 forestali.<\/span><\/p>\t\t\t\t\t\t\t\t<\/div>\n\t\t\t\t<\/div>\n\t\t\t\t<\/div>\n\t\t<div class=\"elementor-element elementor-element-dab0c58 e-con-full e-flex e-con e-child\" data-id=\"dab0c58\" data-element_type=\"container\" data-settings=\"{&quot;background_background&quot;:&quot;classic&quot;}\">\n\t\t<div class=\"elementor-element elementor-element-2547044 e-flex e-con-boxed e-con e-child\" data-id=\"2547044\" data-element_type=\"container\" data-settings=\"{&quot;background_background&quot;:&quot;classic&quot;}\">\n\t\t\t\t\t<div class=\"e-con-inner\">\n\t\t\t\t<div class=\"elementor-element elementor-element-7035dd0 elementor-widget elementor-widget-heading\" data-id=\"7035dd0\" data-element_type=\"widget\" data-widget_type=\"heading.default\">\n\t\t\t\t<div class=\"elementor-widget-container\">\n\t\t\t\t\t<h2 class=\"elementor-heading-title elementor-size-default\">Cerca nel sito<\/h2>\t\t\t\t<\/div>\n\t\t\t\t<\/div>\n\t\t<div class=\"elementor-element elementor-element-4e4fb88 e-flex e-con-boxed e-con e-child\" data-id=\"4e4fb88\" data-element_type=\"container\" data-settings=\"{&quot;background_background&quot;:&quot;classic&quot;}\">\n\t\t\t\t\t<div class=\"e-con-inner\">\n\t\t\t\t<div class=\"elementor-element elementor-element-097fe0c elementor-widget elementor-widget-elementskit-header-search\" data-id=\"097fe0c\" data-element_type=\"widget\" data-widget_type=\"elementskit-header-search.default\">\n\t\t\t\t<div class=\"elementor-widget-container\">\n\t\t\t\t\t<div class=\"ekit-wid-con\" >        <a href=\"#ekit_modal-popup-097fe0c\" class=\"ekit_navsearch-button ekit-modal-popup\" aria-label=\"navsearch-button\">\n            <i aria-hidden=\"true\" class=\"icon icon-search\"><\/i>        <\/a>\n        <!-- language switcher strart -->\n        <!-- xs modal -->\n        <div class=\"zoom-anim-dialog mfp-hide ekit_modal-searchPanel\" id=\"ekit_modal-popup-097fe0c\">\n            <div class=\"ekit-search-panel\">\n            <!-- Polylang search - thanks to Alain Melsens -->\n                <form role=\"search\" method=\"get\" class=\"ekit-search-group\" action=\"https:\/\/forestinfo.it\/\">\n                    <input type=\"search\" class=\"ekit_search-field\" aria-label=\"search-form\" placeholder=\"Cerca nel Sito\" value=\"\" name=\"s\">\n\t\t\t\t\t<button type=\"submit\" class=\"ekit_search-button\" aria-label=\"search-button\">\n                        <i aria-hidden=\"true\" class=\"icon icon-search\"><\/i>                    <\/button>\n                <\/form>\n            <\/div>\n        <\/div><!-- End xs modal -->\n        <!-- end language switcher strart -->\n        <\/div>\t\t\t\t<\/div>\n\t\t\t\t<\/div>\n\t\t\t\t\t<\/div>\n\t\t\t\t<\/div>\n\t\t\t\t\t<\/div>\n\t\t\t\t<\/div>\n\t\t<div class=\"elementor-element elementor-element-6c4a275 e-flex e-con-boxed e-con e-child\" data-id=\"6c4a275\" data-element_type=\"container\" data-settings=\"{&quot;background_background&quot;:&quot;classic&quot;}\">\n\t\t\t\t\t<div class=\"e-con-inner\">\n\t\t\t\t<div class=\"elementor-element elementor-element-b6a8dad elementor-widget elementor-widget-heading\" data-id=\"b6a8dad\" data-element_type=\"widget\" data-widget_type=\"heading.default\">\n\t\t\t\t<div class=\"elementor-widget-container\">\n\t\t\t\t\t<h2 class=\"elementor-heading-title elementor-size-default\">Accedi alla Piattaforma<\/h2>\t\t\t\t<\/div>\n\t\t\t\t<\/div>\n\t\t\t\t<div class=\"elementor-element elementor-element-d449755 elementor-widget elementor-widget-button\" data-id=\"d449755\" data-element_type=\"widget\" data-widget_type=\"button.default\">\n\t\t\t\t<div class=\"elementor-widget-container\">\n\t\t\t\t\t\t\t\t\t<div class=\"elementor-button-wrapper\">\n\t\t\t\t\t<a class=\"elementor-button elementor-button-link elementor-size-md\" href=\"https:\/\/platform.forestinfo.it\" target=\"_blank\">\n\t\t\t\t\t\t<span class=\"elementor-button-content-wrapper\">\n\t\t\t\t\t\t\t\t\t<span class=\"elementor-button-text\">ACCEDI<\/span>\n\t\t\t\t\t<\/span>\n\t\t\t\t\t<\/a>\n\t\t\t\t<\/div>\n\t\t\t\t\t\t\t\t<\/div>\n\t\t\t\t<\/div>\n\t\t\t\t\t<\/div>\n\t\t\t\t<\/div>\n\t\t<div class=\"elementor-element elementor-element-c89c359 e-flex e-con-boxed e-con e-child\" data-id=\"c89c359\" data-element_type=\"container\" data-settings=\"{&quot;background_background&quot;:&quot;classic&quot;}\">\n\t\t\t\t\t<div class=\"e-con-inner\">\n\t\t\t\t<div class=\"elementor-element elementor-element-aeb948c elementor-widget elementor-widget-heading\" data-id=\"aeb948c\" data-element_type=\"widget\" data-widget_type=\"heading.default\">\n\t\t\t\t<div class=\"elementor-widget-container\">\n\t\t\t\t\t<h2 class=\"elementor-heading-title elementor-size-default\">Questionario di Gradimento della piattaforma<\/h2>\t\t\t\t<\/div>\n\t\t\t\t<\/div>\n\t\t\t\t<div class=\"elementor-element elementor-element-d675bd6 elementor-widget elementor-widget-button\" data-id=\"d675bd6\" data-element_type=\"widget\" data-widget_type=\"button.default\">\n\t\t\t\t<div class=\"elementor-widget-container\">\n\t\t\t\t\t\t\t\t\t<div class=\"elementor-button-wrapper\">\n\t\t\t\t\t<a class=\"elementor-button elementor-button-link elementor-size-md\" href=\"https:\/\/forms.gle\/u1qmfT7nS7T4g7YJA\" target=\"_blank\">\n\t\t\t\t\t\t<span class=\"elementor-button-content-wrapper\">\n\t\t\t\t\t\t\t\t\t<span class=\"elementor-button-text\">RISPONDI<\/span>\n\t\t\t\t\t<\/span>\n\t\t\t\t\t<\/a>\n\t\t\t\t<\/div>\n\t\t\t\t\t\t\t\t<\/div>\n\t\t\t\t<\/div>\n\t\t\t\t\t<\/div>\n\t\t\t\t<\/div>\n\t\t<div class=\"elementor-element elementor-element-565d651 e-flex e-con-boxed e-con e-child\" data-id=\"565d651\" data-element_type=\"container\" data-settings=\"{&quot;background_background&quot;:&quot;classic&quot;}\">\n\t\t\t\t\t<div class=\"e-con-inner\">\n\t\t\t\t<div class=\"elementor-element elementor-element-99778f1 elementor-widget elementor-widget-image-gallery\" data-id=\"99778f1\" data-element_type=\"widget\" data-widget_type=\"image-gallery.default\">\n\t\t\t\t<div class=\"elementor-widget-container\">\n\t\t\t\t\t\t\t<div class=\"elementor-image-gallery\">\n\t\t\t<div id='gallery-1' class='gallery galleryid-53 gallery-columns-1 gallery-size-medium_large'><figure class='gallery-item'>\n\t\t\t<div class='gallery-icon landscape'>\n\t\t\t\t<img decoding=\"async\" width=\"768\" height=\"221\" src=\"https:\/\/forestinfo.it\/wp-content\/uploads\/2024\/02\/Logo-ISPRA-768x221.png\" class=\"attachment-medium_large size-medium_large\" alt=\"\" srcset=\"https:\/\/forestinfo.it\/wp-content\/uploads\/2024\/02\/Logo-ISPRA-768x221.png 768w, https:\/\/forestinfo.it\/wp-content\/uploads\/2024\/02\/Logo-ISPRA-300x86.png 300w, https:\/\/forestinfo.it\/wp-content\/uploads\/2024\/02\/Logo-ISPRA.png 975w\" sizes=\"(max-width: 768px) 100vw, 768px\" \/>\n\t\t\t<\/div><\/figure><figure class='gallery-item'>\n\t\t\t<div class='gallery-icon landscape'>\n\t\t\t\t<img decoding=\"async\" width=\"768\" height=\"327\" src=\"https:\/\/forestinfo.it\/wp-content\/uploads\/2024\/02\/dagri-768x327.jpg\" class=\"attachment-medium_large size-medium_large\" alt=\"\" srcset=\"https:\/\/forestinfo.it\/wp-content\/uploads\/2024\/02\/dagri-768x327.jpg 768w, https:\/\/forestinfo.it\/wp-content\/uploads\/2024\/02\/dagri-300x128.jpg 300w, https:\/\/forestinfo.it\/wp-content\/uploads\/2024\/02\/dagri-1024x436.jpg 1024w, https:\/\/forestinfo.it\/wp-content\/uploads\/2024\/02\/dagri-1536x654.jpg 1536w, https:\/\/forestinfo.it\/wp-content\/uploads\/2024\/02\/dagri-2048x872.jpg 2048w\" sizes=\"(max-width: 768px) 100vw, 768px\" \/>\n\t\t\t<\/div><\/figure><figure class='gallery-item'>\n\t\t\t<div class='gallery-icon landscape'>\n\t\t\t\t<img loading=\"lazy\" decoding=\"async\" width=\"318\" height=\"159\" src=\"https:\/\/forestinfo.it\/wp-content\/uploads\/2024\/09\/copernicus_accademy.jpg\" class=\"attachment-medium_large size-medium_large\" alt=\"\" srcset=\"https:\/\/forestinfo.it\/wp-content\/uploads\/2024\/09\/copernicus_accademy.jpg 318w, https:\/\/forestinfo.it\/wp-content\/uploads\/2024\/09\/copernicus_accademy-300x150.jpg 300w\" sizes=\"(max-width: 318px) 100vw, 318px\" \/>\n\t\t\t<\/div><\/figure>\n\t\t<\/div>\n\t\t<\/div>\n\t\t\t\t\t\t<\/div>\n\t\t\t\t<\/div>\n\t\t\t\t\t<\/div>\n\t\t\t\t<\/div>\n\t\t\t\t<\/div>\n\t\t\t\t\t<\/div>\n\t\t\t\t<\/div>\n\t\t<div class=\"elementor-element elementor-element-443c10b e-flex e-con-boxed e-con e-parent\" data-id=\"443c10b\" data-element_type=\"container\">\n\t\t\t\t\t<div class=\"e-con-inner\">\n\t\t\t\t<div class=\"elementor-element elementor-element-7956dca elementor-widget elementor-widget-text-editor\" data-id=\"7956dca\" data-element_type=\"widget\" data-widget_type=\"text-editor.default\">\n\t\t\t\t<div class=\"elementor-widget-container\">\n\t\t\t\t\t\t\t\t\t<p>Questo portale \u00e8 finanziato dal Caroline Herschel Framework Partnership Agreement dell\u2019Unione Europea, in base all\u2019accordo N\u00b0 FPA 275\/G\/GRO\/COPE\/17\/10042, progetto FPCUP (Framework Partnership Agreement on Copernicus User Uptake), Action 2021-2-23 dal titolo \u201cPiloting a national forest information platform in Italy\u201d (21\u20132022\/SI2.879181\/21).<\/p><p><img loading=\"lazy\" decoding=\"async\" class=\"wp-image-185 aligncenter\" src=\"https:\/\/forestinfo.it\/wp-content\/uploads\/2024\/02\/logo_fpcup-300x128.png\" alt=\"\" width=\"300\" height=\"128\" \/><\/p>\t\t\t\t\t\t\t\t<\/div>\n\t\t\t\t<\/div>\n\t\t\t\t\t<\/div>\n\t\t\t\t<\/div>\n\t\t\t\t<\/div>\n\t\t","protected":false},"excerpt":{"rendered":"<p>ForestInfo &#8211; piattaforma infomativa sulle forestale italiane: progetto pilota La piattaforma L&#8217;obiettivo del servizio \u00e8 generare una piattaforma informativa sulle foreste, on-line e disponibile al pubblico, basata sui dati forniti dal servizio Copernicus, per supportare i proprietari di foreste private nell&#8217;implementazione di attivit\u00e0 di gestione forestale sostenibile. In Italia il 40% del territorio \u00e8 coperto [&hellip;]<\/p>\n","protected":false},"author":1,"featured_media":0,"parent":0,"menu_order":0,"comment_status":"closed","ping_status":"closed","template":"","meta":{"footnotes":""},"class_list":["post-53","page","type-page","status-publish","hentry"],"_links":{"self":[{"href":"https:\/\/forestinfo.it\/index.php?rest_route=\/wp\/v2\/pages\/53","targetHints":{"allow":["GET"]}}],"collection":[{"href":"https:\/\/forestinfo.it\/index.php?rest_route=\/wp\/v2\/pages"}],"about":[{"href":"https:\/\/forestinfo.it\/index.php?rest_route=\/wp\/v2\/types\/page"}],"author":[{"embeddable":true,"href":"https:\/\/forestinfo.it\/index.php?rest_route=\/wp\/v2\/users\/1"}],"replies":[{"embeddable":true,"href":"https:\/\/forestinfo.it\/index.php?rest_route=%2Fwp%2Fv2%2Fcomments&post=53"}],"version-history":[{"count":131,"href":"https:\/\/forestinfo.it\/index.php?rest_route=\/wp\/v2\/pages\/53\/revisions"}],"predecessor-version":[{"id":302,"href":"https:\/\/forestinfo.it\/index.php?rest_route=\/wp\/v2\/pages\/53\/revisions\/302"}],"wp:attachment":[{"href":"https:\/\/forestinfo.it\/index.php?rest_route=%2Fwp%2Fv2%2Fmedia&parent=53"}],"curies":[{"name":"wp","href":"https:\/\/api.w.org\/{rel}","templated":true}]}}